{"id":41530,"date":"2025-05-15T17:58:31","date_gmt":"2025-05-15T20:58:31","guid":{"rendered":"https:\/\/cimedremedios.com.br\/?post_type=remedio&#038;p=41530"},"modified":"2026-01-27T22:21:43","modified_gmt":"2026-01-28T01:21:43","slug":"ibuprofeno","status":"publish","type":"remedio","link":"https:\/\/cimedremedios.com.br\/es\/remedio\/ibuprofeno\/","title":{"rendered":"(Portugu\u00eas) Ibuprofeno"},"content":{"rendered":"","protected":false},"featured_media":41531,"template":"","meta":[],"categorias_remedio":[231,54,55],"tag_remedio":[],"acf":{"informacoes":{"esquerda":{"apresentacao":[{"registro_texto":"Registro MS: 1.4381.0238","nome":"Suspens\u00e3o gotas | Sabor Tutti-frutti | Frasco de 20 mL","dosagem":"100 mg\/mL","imagem":41531,"codigo_sap":"103085"}],"icones":"","texto_do_icone":""},"direita":{"conteudo":[{"titulo":"Princ\u00edpio ativo e concentra\u00e7\u00e3o","texto":"Ibuprofeno 100 mg\/ mL"},{"titulo":"Indica\u00e7\u00e3o","texto":"Este medicamento \u00e9 indicado para redu\u00e7\u00e3o da febre e para o al\u00edvio de dores, tais como: dores decorrentes de gripes e resfriados, dor de garganta, dor de cabe\u00e7a, dor de dente, dor nas costas, c\u00f3licas menstruais e dores musculares."},{"titulo":"Refer\u00eancia","texto":"Alivium - Cosmed"}],"ver_bula":"","ver_bula_link_externo":"https:\/\/storage.googleapis.com\/gc-conteudo-prod\/008\/006\/001\/001\/103085\/103085-202504021722-B.pdf?ignoreCache=1","sob-prescricao":"nao"}},"informacao_de_porcao_da_tabela_nutricional":"","tabela_nutricional":null,"texto_legal_tabela_nutricional":"","texto_legal":"","sub_categorias":false},"_links":{"self":[{"href":"https:\/\/cimedremedios.com.br\/es\/wp-json\/wp\/v2\/remedio\/41530"}],"collection":[{"href":"https:\/\/cimedremedios.com.br\/es\/wp-json\/wp\/v2\/remedio"}],"about":[{"href":"https:\/\/cimedremedios.com.br\/es\/wp-json\/wp\/v2\/types\/remedio"}],"wp:featuredmedia":[{"embeddable":true,"href":"https:\/\/cimedremedios.com.br\/es\/wp-json\/wp\/v2\/media\/41531"}],"wp:attachment":[{"href":"https:\/\/cimedremedios.com.br\/es\/wp-json\/wp\/v2\/media?parent=41530"}],"wp:term":[{"taxonomy":"categorias_remedio","embeddable":true,"href":"https:\/\/cimedremedios.com.br\/es\/wp-json\/wp\/v2\/categorias_remedio?post=41530"},{"taxonomy":"tag_remedio","embeddable":true,"href":"https:\/\/cimedremedios.com.br\/es\/wp-json\/wp\/v2\/tag_remedio?post=41530"}],"curies":[{"name":"wp","href":"https:\/\/api.w.org\/{rel}","templated":true}]}}

(Português) Ibuprofeno

Suspensão gotas | Sabor Tutti-frutti | Frasco de 20 mL

Princípio ativo e concentração

Indicação

Este medicamento é indicado para redução da febre e para o alívio de dores, tais como: dores decorrentes de gripes e resfriados, dor de garganta, dor de cabeça, dor de dente, dor nas costas, cólicas menstruais e dores musculares.

Referência
