{"id":1328,"date":"2020-03-09T16:24:01","date_gmt":"2020-03-09T19:24:01","guid":{"rendered":"https:\/\/cimedremedios.com.br\/?post_type=remedio&#038;p=1328"},"modified":"2025-05-05T11:17:14","modified_gmt":"2025-05-05T14:17:14","slug":"cimegripe-dor-e-febre","status":"publish","type":"remedio","link":"https:\/\/cimedremedios.com.br\/en\/remedio\/cimegripe-dor-e-febre\/","title":{"rendered":"Cimegripe Dor e Febre"},"content":{"rendered":"","protected":false},"featured_media":41451,"template":"","meta":[],"categorias_remedio":[89,100,55,210,201,202],"tag_remedio":[56,57],"acf":{"informacoes":{"esquerda":{"apresentacao":[{"registro_texto":"Medicamento Notificado","nome":"20 comprimidos","dosagem":"750 mg","imagem":41451,"codigo_sap":"103880"}],"icones":["icon-aroma","icon-lider","icon-novidades","icon-sabor"],"texto_do_icone":""},"direita":{"conteudo":[{"titulo":"Princ\u00edpio ativo","texto":"Paracetamol"},{"titulo":"Indica\u00e7\u00e3o","texto":"Indicado para redu\u00e7\u00e3o da febre e o al\u00edvio tempor\u00e1rio de dores leves a moderadas, tais como dores associadas a gripes e resfriados comuns, dor de cabe\u00e7a, dor no corpo, dor de dente, dor nas costas, dores musculares, dores leves associadas a artrites, dor de garganta e c\u00f3lica menstrual\r\n"}],"ver_bula":"","ver_bula_link_externo":"","sob-prescricao":"nao"}},"informacao_de_porcao_da_tabela_nutricional":"","tabela_nutricional":null,"texto_legal_tabela_nutricional":"","texto_legal":"Veja mais: \u00a0 <a href=\"https:\/\/cimedremedios.com.br\/remedio\/cimegripe-77c\/\"><img class=\"alignnone wp-image-1930\" src=\"https:\/\/cimedremedios.com.br\/wp-content\/uploads\/2020\/03\/6.png\" alt=\"\" width=\"180\" height=\"180\" \/>\u00a0 <\/a><a href=\"https:\/\/cimedremedios.com.br\/remedio\/cimegripe-rub\/\"><img class=\"alignnone wp-image-1906\" src=\"https:\/\/cimedremedios.com.br\/wp-content\/uploads\/2020\/03\/1.png\" alt=\"\" width=\"180\" height=\"180\" \/><\/a>\u00a0 <a href=\"http:\/\/https:\/\/cimedremedios.com.br\/remedio\/cimegripe\/\">\u00a0 <\/a><a href=\"https:\/\/cimedremedios.com.br\/remedio\/cimegripe\/\"><img class=\"alignnone wp-image-1914\" src=\"https:\/\/cimedremedios.com.br\/wp-content\/uploads\/2020\/03\/2.png\" alt=\"\" width=\"180\" height=\"180\" \/><\/a><a href=\"https:\/\/cimedremedios.com.br\/remedio\/cimegripe-dia\/\"><img class=\"alignnone wp-image-1926\" src=\"https:\/\/cimedremedios.com.br\/wp-content\/uploads\/2020\/03\/5.png\" alt=\"\" width=\"180\" height=\"180\" \/><\/a><a href=\"https:\/\/cimedremedios.com.br\/remedio\/cimegripe-gotas\/\"><img class=\"alignnone wp-image-1922\" src=\"https:\/\/cimedremedios.com.br\/wp-content\/uploads\/2020\/03\/4.png\" alt=\"\" width=\"180\" height=\"180\" \/><\/a> \u00a0 \u00a0 CIMEGRIPE\u00ae DOR E FEBRE - paracetamol. Indica\u00e7\u00f5es: indicado em adultos para a redu\u00e7\u00e3o da febre e para o al\u00edvio tempor\u00e1rio de dores leves a moderadas, tais como: dores associadas a resfriados comuns, dor de cabe\u00e7a, dor no corpo, dor de dente, dor nas costas, dores musculares, dores leves associadas a artrites e c\u00f3licas menstruais. Reg. M.S. 1.4381.0237. SE PERSISTIREM OS SINTOMAS, O M\u00c9DICO DEVER\u00c1 SER CONSULTADO. N\u00e3o use junto com outros medicamentos que contenham paracetamol, com \u00e1lcool, ou em caso de doen\u00e7a grave do f\u00edgado. 01\/2020.","sub_categorias":[56,57]},"_links":{"self":[{"href":"https:\/\/cimedremedios.com.br\/en\/wp-json\/wp\/v2\/remedio\/1328"}],"collection":[{"href":"https:\/\/cimedremedios.com.br\/en\/wp-json\/wp\/v2\/remedio"}],"about":[{"href":"https:\/\/cimedremedios.com.br\/en\/wp-json\/wp\/v2\/types\/remedio"}],"acf:term":[{"embeddable":true,"taxonomy":"tag_remedio","href":"https:\/\/cimedremedios.com.br\/en\/wp-json\/wp\/v2\/tag_remedio\/57"},{"embeddable":true,"taxonomy":"tag_remedio","href":"https:\/\/cimedremedios.com.br\/en\/wp-json\/wp\/v2\/tag_remedio\/56"}],"wp:featuredmedia":[{"embeddable":true,"href":"https:\/\/cimedremedios.com.br\/en\/wp-json\/wp\/v2\/media\/41451"}],"wp:attachment":[{"href":"https:\/\/cimedremedios.com.br\/en\/wp-json\/wp\/v2\/media?parent=1328"}],"wp:term":[{"taxonomy":"categorias_remedio","embeddable":true,"href":"https:\/\/cimedremedios.com.br\/en\/wp-json\/wp\/v2\/categorias_remedio?post=1328"},{"taxonomy":"tag_remedio","embeddable":true,"href":"https:\/\/cimedremedios.com.br\/en\/wp-json\/wp\/v2\/tag_remedio?post=1328"}],"curies":[{"name":"wp","href":"https:\/\/api.w.org\/{rel}","templated":true}]}}

Princípio ativo

Indicação

Indicado para redução da febre e o alívio temporário de dores leves a moderadas, tais como dores associadas a gripes e resfriados comuns, dor de cabeça, dor no corpo, dor de dente, dor nas costas, dores musculares, dores leves associadas a artrites, dor de garganta e cólica menstrual

Veja mais:   <a href="https://cimedremedios.com.br/remedio/cimegripe-77c/"><img class="alignnone wp-image-1930" src="https://cimedremedios.com.br/wp-content/uploads/2020/03/6.png" alt="" width="180" height="180" />  </a><a href="https://cimedremedios.com.br/remedio/cimegripe-rub/"><img class="alignnone wp-image-1906" src="https://cimedremedios.com.br/wp-content/uploads/2020/03/1.png" alt="" width="180" height="180" /></a>  <a href="http://https://cimedremedios.com.br/remedio/cimegripe/">  </a><a href="https://cimedremedios.com.br/remedio/cimegripe/"><img class="alignnone wp-image-1914" src="https://cimedremedios.com.br/wp-content/uploads/2020/03/2.png" alt="" width="180" height="180" /></a><a href="https://cimedremedios.com.br/remedio/cimegripe-dia/"><img class="alignnone wp-image-1926" src="https://cimedremedios.com.br/wp-content/uploads/2020/03/5.png" alt="" width="180" height="180" /></a><a href="https://cimedremedios.com.br/remedio/cimegripe-gotas/"><img class="alignnone wp-image-1922" src="https://cimedremedios.com.br/wp-content/uploads/2020/03/4.png" alt="" width="180" height="180" /></a>     CIMEGRIPE® DOR E FEBRE - paracetamol. Indicações: indicado em adultos para a redução da febre e para o alívio temporário de dores leves a moderadas, tais como: dores associadas a resfriados comuns, dor de cabeça, dor no corpo, dor de dente, dor nas costas, dores musculares, dores leves associadas a artrites e cólicas menstruais. Reg. M.S. 1.4381.0237. SE PERSISTIREM OS SINTOMAS, O MÉDICO DEVERÁ SER CONSULTADO. Não use junto com outros medicamentos que contenham paracetamol, com álcool, ou em caso de doença grave do fígado. 01/2020.
